or of 4 and p?
4
Let z = 86 + -152. Let o be ((-18)/7)/(3 - z/(-21)). What is the greatest common factor of o and 198?
18
Let m be 25/(1050/(-12)) + (-65)/(-7). Calculate the greatest common divisor of m and 1026.
9
Let x(u) = -u**2 + 21*u + 27. Let c be x(22). What is the greatest common divisor of c and 35?
5
Let j(w) = 28*w + 473. Let t be j(-16). Let c = -7 + 22. What is the highest common divisor of t and c?
5
Let v = 22 + -22. Let l be (-1 + 0)*((-2 - v) + -15). What is the highest common factor of l and 187?
17
Suppose 0 = 2*l + 3*u - 54, -5*u - 17 = 2*l - 67. Let r be (-35)/105 + (-268)/6. Let t = -33 - r. Calculate the highest common factor of l and t.
6
Let g(t) = t**2 - 19*t - 145. Let o be g(-15). What is the highest common divisor of o and 73?
73
Let l = 234 - 346. Let h = l + 197. What is the greatest common factor of h and 5?
5
Suppose -3*r + 4*i = -89, -2*i = -3*r + 3*i + 85. Let a be (-4)/(-26) - (-126)/26. Calculate the highest common divisor of a and r.
5
Suppose 454 - 2209 = -27*k. Calculate the greatest common factor of 26 and k.
13
Let f be 435*(-2 - (-30)/18). Let o = 154 + f. Suppose 9 = 5*u - 21. Calculate the greatest common divisor of o and u.
3
Let v = 1718 + -1694. Calculate the highest common factor of v and 39.
3
Suppose -7*d = -4*d - 51. Let a(i) = -8*i**2 + 21*i**2 + 2 + 4*i**3 - 12*i**2. Let y be a(3). Calculate the highest common factor of y and d.
17
Let a = -1481 - -1923. What is the highest common divisor of a and 34?
34
Let g = -43 + 56. Suppose 38 = 5*o - 27. What is the greatest common factor of g and o?
13
Let l = -13 - -11. Let s be (17*l)/((-22)/605). Suppose 4*d = 9*d - s. Calculate the highest common divisor of d and 17.
17
Let i be (-496)/(-11) - 57/627. Calculate the greatest common divisor of i and 165.
15
Suppose -528 = 12*o - 0*o. Let u = -30 - o. What is the greatest common divisor of u and 28?
14
Suppose -2*h + 270 = 4*b, -5*h - 40 = -15. Suppose -5*y - 143 = 417. Let v be y/28 - 9*-2. Calculate the greatest common factor of v and b.
14
Suppose -13*p - 100 = -9*p. Let s = p - -51. What is the highest common factor of s and 39?
13
Let t = -847 - -2004. Calculate the highest common divisor of t and 13.
13
Suppose 0*a + 4*a - 5*z = 1007, -3*z = 3*a - 735. Suppose -3*x + 3*y + a = -y, x - 68 = 5*y. What is the greatest common divisor of x and 8?
8
Let l = 536 + -528. Calculate the greatest common divisor of 50 and l.
2
Let z = -12 - -17. Let l = z - 11. Let w be (81/(-18))/(l/64). What is the highest common divisor of 16 and w?
16
Let m be ((-13)/((-325)/(-20)))/(13/(195/(-2))). Suppose 3*g - 11 = 13. What is the highest common divisor of g and m?
2
Let k(g) = -3*g - 3. Let x be k(-2). Suppose 91 = 5*o + x*m, 2*m - 51 - 21 = -4*o. Let n = 86 - 18. What is the greatest common divisor of o and n?
17
Suppose -618 = 5*j - 3*v, 224 = -5*j - 2*v - 389. Let f = -91 - j. What is the highest common divisor of 352 and f?
32
Let t(c) = -c**2 - 11*c - 17. Let a be 0 + 2/(-3) - 66/9. Let x be t(a). Calculate the greatest common divisor of x and 70.
7
Let c(a) = 2*a + 22. Let f be c(-11). Suppose 20 = -f*s + 2*s. Suppose r + s = g + 1, -4*r + 4 = g. Calculate the highest common factor of 88 and g.
8
Let u be (1 - -2)/3*(-194)/(-2). Let r = u + -48. What is the highest common divisor of r and 147?
49
Let t be (-4)/(-5)*50/20. Let s be 2*111*t/(-4). Let a = -59 - s. Calculate the greatest common factor of a and 130.
26
Let l = 64 - 64. Suppose -4*b + 5 - 1 = l. Calculate the greatest common factor of 20 and b.
1
Suppose -30*q = -34*q - 64. Let j = 35 - q. Calculate the highest common divisor of j and 34.
17
Suppose -h - 120 = 3*h + 2*r, 0 = -h - 2*r - 27. Let m be -1 - (47 - 0)*-1. Let a = m + h. Calculate the highest common factor of 10 and a.
5
Let v(o) = -o**2 + 58*o - 101. Let b be v(56). Calculate the greatest common factor of 33 and b.
11
Let t = 2232 - 2179. What is the highest common factor of 2597 and t?
53
Suppose -3*x = -4*x. Suppose x = -3*t + 200 - 5. Calculate the highest common divisor of 13 and t.
13
Suppose 4*q - 29 - 19 = 0. Suppose 24*j + 4*g + 536 = 29*j, -4*j + 427 = -5*g. What is the greatest common factor of q and j?
12
Suppose -5*d + 417 + 37 = c, 0 = -3*d - c + 274. What is the greatest common divisor of 80 and d?
10
Suppose 3*l - i = -l - 167, l + 35 = -2*i. Let r be 3 + -2 - l*1. Let a(t) = -2*t - 2. Let x be a(-8). Calculate the highest common divisor of x and r.
14
Let x(t) = -t**2 + 16*t + 14. Let g be x(8). Let a = g + -53. Calculate the highest common divisor of a and 10.
5
Suppose -786 = -4*v - 26. Suppose -j = 5, -2*j + v = 5*c - 0*j. Calculate the highest common divisor of c and 10.
10
Let w = 191 + -83. Suppose 0 = -28*x + 31*x - w. Calculate the highest common divisor of 54 and x.
18
Let r be -5*5/(50/(-4)). Let l be r*(-4)/(16/(-130)). What is the highest common factor of 13 and l?
13
Let w = -934 - -953. What is the greatest common factor of w and 475?
19
Let w be (-24)/(-3)*-1 + 104. What is the greatest common divisor of 2784 and w?
96
Let i = -41 - -58. Let a be -11*(-1)/(-1)*(-18 + i). Calculate the highest common divisor of a and 11.
11
Suppose 4*b - 123 = 333. Let k = 14332 - 14256. Calculate the greatest common divisor of k and b.
38
Suppose -x = -5*x + 572. Let u = -851 + 862. Calculate the highest common divisor of u and x.
11
Let b(o) = -17*o - 189. Let c be b(-15). Calculate the highest common divisor of c and 12.
6
Let u = -113 - -128. Let l = 71 - u. Calculate the highest common factor of l and 16.
8
Suppose -5*k + 351 = -4*m, 2*m - 124 - 20 = -2*k. Calculate the greatest common divisor of 1349 and k.
71
Let d be 4/((-18)/(-14) + -1). Let g be (-2)/d - 6/(252/(-1014)). Calculate the highest common divisor of 12 and g.
12
Suppose 4*f = -s + 27 + 30, 3*s = 3*f - 24. Suppose f = 2*c - 27. Suppose 78 = -3*y + 6*y + 4*m, -m = 4*y - 117. Calculate the highest common factor of c and y.
10
Let i(p) = -p**3 + 4*p**2 - 3*p + 5. Let m be i(3). Suppose -m - 1 = -3*u. Calculate the highest common factor of 4 and u.
2
Let d = 2813 - 2797. What is the greatest common factor of d and 23?
1
Suppose -10*h + 379 = -8531. What is the greatest common divisor of 165 and h?
33
Suppose 13 = r - 35. Let a be (1/(-2))/(6/r). Let t be ((-9)/a)/((-3)/(-72)). What is the highest common divisor of t and 36?
18
Let u be 5/2 - 9/6. Let x be (4/u)/(4/10). Let w be 16/x - 4/(-10). Calculate the greatest common divisor of 18 and w.
2
Let o(s) = 5*s**3 - 4*s**2 + 4*s - 2. Suppose 0 = 5*c - 5*b, -2*b = -7*b + 10. Let h be o(c). What is the greatest common factor of h and 12?
6
Let x(t) = 2*t**2 + 2*t - 4. Let b be x(4). Suppose 0 = -2*a - a + b. Calculate the greatest common divisor of a and 6.
6
Let o be 28/(-10)*(-10680)/89. Calculate the highest common factor of o and 126.
42
Let y(x) = -x**2 - 2*x - 3. Let b be y(0). Let a = 17 + b. Suppose -66 = -u - 5*f + 56, u = 5*f + 102. What is the greatest common divisor of u and a?
14
Suppose 0 = -10*o + 1169 + 151. Let r = 223 - o. Calculate the greatest common divisor of r and 13.
13
Suppose 9*i + 22*i = 93. Calculate the highest common divisor of 48 and i.
3
Suppose -7*w + 3*w = -j - 114, 3*j = 4*w - 118. Calculate the greatest common factor of w and 140.
28
Let j = 367 + -328. Calculate the greatest common divisor of 182 and j.
13
Let z = 9 - -23. Suppose 3*x - 2*x - 294 = 0. Let p be (-2)/6 + x/18. What is the greatest common divisor of z and p?
16
Suppose -8 = 6*h - 10*h. Let u(j) = 2*j - 8. Let o be u(7). Let l(p) = -3*p + 20. Let x be l(o). Calculate the highest common factor of x and h.
2
Let t(s) = -3*s**3 - 6*s**2 - 18*s - 13. Let l be t(-7). Calculate the greatest common factor of l and 16.
16
Suppose -13*i + 2232 = -i. Calculate the greatest common divisor of i and 248.
62
Suppose 2*l + 6 = -2*h, h - 5*h + 4*l = -4. Let g be (-28)/h + (18 - 16). What is the greatest common factor of 15 and g?
15
Let h = -26 - -34. What is the greatest common factor of 136 and h?
8
Let f = -15 + 18. Let n(q) = 3*q**3 - q**2 + 0 + 3 - 3*q - q**f - q**3. Let w be n(2). Calculate the highest common factor of 11 and w.
1
Let z = 232 + -210. What is the greatest common divisor of 154 and z?
22
Suppose 22 - 7 = 3*t. Let m(a) = -2*a + 20. Let v be m(t). What